 i**2 + 8. Suppose -13*o = -8*o. Calculate the remainder when j(o) is divided by t.
2
Suppose -s - 2*s = -24. Suppose 0 = 88*u - 71*u - 85. Suppose u*r = 228 - s. Calculate the remainder when r is divided by 16.
12
Suppose 4*m = -3*f + 2, -m - f - 1 + 2 = 0. Calculate the remainder when (4 - 2)*(-123)/(-6) - m is divided by (-66)/15*(-10)/2.
20
Suppose 0 = -o - 110 + 7. Let k be o/3 - (-5)/15. Let f = k - -65. Calculate the remainder when 123 is divided by f.
30
What is the remainder when (8/28)/(2418/483 - 5) is divided by 12?
10
Suppose 0 = -3*b + 3 + 6, 0 = -2*w + b + 67. What is the remainder when ((-1446)/(-14) - 1) + (-10)/w is divided by 26?
24
Suppose -6 = -3*f + 6. Suppose 4*v - f*b + 8 = 0, 2*v + 0 - 11 = -3*b. Suppose h - 10 = -3*g, -6 = 2*g + 3*h - v. What is the remainder when 9 is divided by g?
4
Let u(x) = x**2 - 17*x + 6. Let b be u(17). Suppose 83 = b*o - 73. Calculate the remainder when o is divided by 9.
8
Suppose 60 = -4*k - 2*u, 2*u + 18 = -4*k + 3*k. Let i(g) = g**2 + 15*g + 32. Calculate the remainder when i(k) is divided by 13.
5
Suppose 0 = -2*p - 2 + 12. Suppose p = -5*y - 0, -2*x = 2*y + 68. Let u = x + 56. What is the remainder when u is divided by 13?
10
Let i(r) = -77*r - 228. Calculate the remainder when (-31)/(-3) - (-4)/6 is divided by i(-3).
2
Let u(f) = 2*f**2 + f + 2. Let k(m) = -2*m**3 - 18*m**2 - 23*m - 15. Calculate the remainder when k(-8) is divided by u(3).
18
Let u = 6 + 17. Suppose n + 2*o - 19 = 3*o, 3*o + 80 = 4*n. Let d = 36 - n. Calculate the remainder when u is divided by d.
10
Suppose -7*v + 453 = -2389. What is the remainder when v is divided by 69?
61
Suppose -t + 12 = 3*t. Let c = 269 + -254. Suppose 0 = -3*i + t + c. Calculate the remainder when 9 is divided by i.
3
Let a = 665 - 622. What is the remainder when 730 is divided by a?
42
Let v = -2 - -6. Let k be (((-224)/(-4))/v)/2. Suppose 3*g + 2*z + 92 = k*g, -z = -4*g + 92. Calculate the remainder when 89 is divided by g.
20
Suppose 52 = 8*d + 4. Let k be 11 + -2 - (-4)/(-1). Let b = 5 + k. Calculate the remainder when b is divided by d.
4
Let x be (4/(-3))/((-2)/6). Suppose -5*g + x = -6. Let s(n) = -n**3 + 4*n**2 + 6*n. Calculate the remainder when s(5) is divided by g.
1
Let c = 305 - 297. Let a = -26 - -56. What is the remainder when a is divided by c?
6
Suppose 0 = z - d + 38, -80 = -2*z + 4*z + 2*d. Let k = z - -46. What is the remainder when 74 is divided by k?
4
Calculate the remainder when (8/6)/((-20)/(-1440)) is divided by 27.
15
Let w(o) = 36 + 34 - 94 - o - 2*o**2 + 27 - o**3. Let d(q) = q**2 - 4*q. Let s be d(3). What is the remainder when 44 is divided by w(s)?
14
What is the remainder when 61 - ((9 - 0) + -1) is divided by 28?
25
Suppose 16 = 5*t - 4. Suppose t*h + 59 = 335. Calculate the remainder when h is divided by 35.
34
Suppose -1911 - 2089 = -16*b. Calculate the remainder when b is divided by 21.
19
Suppose -15*b = -586 + 301. Calculate the remainder when 55 is divided by b.
17
Suppose -1608 - 72 = -14*d. Calculate the remainder when 124 is divided by d.
4
Let p(h) = -h**3 - h**2 + 14*h + 102. What is the remainder when p(-8) is divided by 113?
99
Let k(h) = -54 - 10 - 14*h + 21. Calculate the remainder when k(-8) is divided by 35.
34
Suppose 2*w - 20 = w - 4*f, 3*f - 20 = -2*w. Suppose 3*a = 2*t + 2*t - 55, -3*t = -5*a - 55. What is the remainder when (3 + -2)*148/w is divided by t?
7
Let n be 1/3*18/3. Suppose 0 = -5*x + 5, -3*x + 79 = 3*o - n*x. Suppose 5*c - o = 9. What is the remainder when 19 is divided by c?
5
Let a be 24/20*(-20)/(-3). Suppose -a*l + 3*l = 55. Let w(v) = v**2 + 5*v + 11. Calculate the remainder when w(l) is divided by 20.
17
Suppose 3*j = -2*p + 80, -3*p - j = 2*p - 226. Let b be (-111)/3 + 12 + -7. Let t = b + p. What is the remainder when 26 is divided by t?
12
Suppose -12 = 3*f, -4*p + 2*f - 27 = 5. What is the remainder when 49 is divided by 4 - 3 - -2 - p?
10
Suppose 0 = x - 25 + 6. Suppose 3 = 4*h - 2*q - 3, h = 4*q - 2. Suppose h*i - 10 = i. What is the remainder when x is divided by i?
9
Suppose 4086 - 552 = 19*n. Calculate the remainder when n is divided by 4.
2
Suppose 6*n = 9*n - 636. Let v = n - 124. Calculate the remainder when v is divided by 15.
13
Suppose -2*f + 43 = -511. What is the remainder when f is divided by 86?
19
Suppose -3*h = -4*h + 3, 3*w + 4*h - 48 = 0. Calculate the remainder when 1136 is divided by w.
8
Let m(b) = 3*b**2 - 24*b + 100. What is the remainder when m(7) is divided by 22?
13
Suppose -20 = -2*d - 4*a, 5*d - 15 = -0*d - 3*a. Suppose d = -6*j - 4*j + 550. What is the remainder when j is divided by 14?
13
Suppose -2*l = -2*k - 18, -3*k = 3*l - 0*k + 3. Suppose -5*t + 16 = 1. Suppose -r + l*y = t*r - 232, 0 = y + 2. What is the remainder when r is divided by 20?
16
Let r(o) = o**3 + 8*o**2 - 13*o - 11. Let u be (-11)/(-11)*(-1 + -8). Calculate the remainder when (-1)/(0 + -1)*49 is divided by r(u).
24
Let r be -2 + (3 - (11 - 1)). Let k be (-2)/9 + (-101)/r. Suppose 0 = -5*m + 6*m - k. Calculate the remainder when m is divided by 4.
3
Suppose 5*j = 5 + 5, 0 = -3*o + 4*j + 97. Let a = o - 30. What is the remainder when 9 is divided by a?
4
Suppose 5*b + 0*a + 204 = -2*a, 2*b + 2*a + 78 = 0. Let l = b + 43. What is the remainder when 3 is divided by l?
0
Let k = 14 - 9. Suppose k*n - 38 = 3*f, -17 = -4*n + 3*f + 11. Suppose -5*z + 59 = 2*y, -3*y + 2*z = -z - 36. What is the remainder when y is divided by n?
7
Let t(l) = -10*l + 338. Calculate the remainder when t(29) is divided by 28.
20
Let b = -51 + 29. Let j = b + 28. What is the remainder when 16 is divided by j?
4
Calculate the remainder when 404 is divided by 3*((4 - 1) + 94/3).
95
Let z be 20/(256/(-124) - -2). Let o be (-1)/6 - z/60. Suppose -o = -2*k + k. Calculate the remainder when 7 is divided by k.
2
Let p be 2*(35 + 2 - -4). Suppose -4*h - m + 180 = -3*m, -2*h + p = m. Calculate the remainder when h is divided by 15.
13
Let i(l) = l**3 - 13*l**2 - 12*l + 29. Let k be i(14). Suppose q = -2*q + k. What is the remainder when 93 is divided by q?
17
Suppose -2*m = 4*q - 294, -2*q + 28*m - 32*m = -138. What is the remainder when 218 is divided by q?
68
Suppose 4*v = 1 + 11. Suppose v*q = 28 - 10. Let r = -405 - -415. Calculate the remainder when r is divided by q.
4
Suppose -3*m = -4*p + 211, -98 = -2*p + m + 7. What is the remainder when p is divided by 29?
23
Let q(r) be the second derivative of 0 + 3*r + 0*r**3 + 1/12*r**4 - 1/2*r**2 + 5/2*r**5. Calculate the remainder when q(1) is divided by 17.
16
Let j = 29 - 26. Suppose j*s + 253 + 440 = 3*g, -s - 701 = -3*g. Suppose -5*v + 0*v + g = 0. What is the remainder when v is divided by 17?
13
Suppose -2*f + n + 19 = 3*f, -5*n - 32 = -4*f. Suppose f*t = 32 + 79. Calculate the remainder when 72 is divided by t.
35
Suppose 5*n - 242 = 28. What is the remainder when 267 is divided by n?
51
Let n(f) = f**2 + 29*f + 72. What is the remainder when 45 is divided by n(-27)?
9
Suppose t - 283 = -281. What is the remainder when 9 is divided by t?
1
Suppose -20*d = 5*d - 2075. Calculate the remainder when 412 is divided by d.
80
Suppose s + 10*s = 539. Calculate the remainder when 58 is divided by s.
9
Suppose 0 = -4*k + 3 + 25. Let h = -2251 - -2264. What is the remainder when h is divided by k?
6
Suppose 3*c = -c. Suppose -2*q + 265 = 3*q + a, -5*a - 25 = c. Suppose -z - 2*l - 5 = -4, -4*z = 5*l - 14. What is the remainder when q is divided by z?
10
Let o = 205 - 335. Let i = -76 - o. Calculate the remainder when i is divided by 19.
16
Suppose 5*t - 13 = 37. Suppose 0*v + 2*v = 34. What is the remainder when v is divided by t?
7
Let f(h) = -3 + 1596*h - 1595*h + 46. Calculate the remainder when 57 is divided by f(-12).
26
Let c be 2/(-8) + (-3)/(-12)*1. Suppose 2*j - 21 = -z, -5*j - 2*z + 52 = -c. Calculate the remainder when 26 is divided by j.
6
Suppose -9*z + 7*z + 2*l = -82, l = -5*z + 229. What is the remainder when z is divided by 10?
5
Suppose 0 = -m - 14 + 21. Let g be -1 - 2*(2 - 3). Suppose -4*w - g = -v, -2*v = 3*w + 5 - 40. Calculate the remainder when v is divided by m.
6
Suppose -7*g + 999 = -317. What is the remainder when 16 is divided by -1*g/(-20) - 2/5?
7
Suppose 0*x + 4*x = 20, -3*x + 555 = 3*a. Suppose 3*y - 49 - 71 = 2*h, 4*y - a =